{"id":768,"date":"2018-07-26T14:05:47","date_gmt":"2018-07-26T17:05:47","guid":{"rendered":"https:\/\/institutocoviello-tuc.infd.edu.ar\/sitio\/?page_id=768"},"modified":"2025-09-11T00:42:16","modified_gmt":"2025-09-11T03:42:16","slug":"docentes","status":"publish","type":"page","link":"https:\/\/institutocoviello-tuc.infd.edu.ar\/sitio\/docentes\/","title":{"rendered":"Docentes:"},"content":{"rendered":"<div  class=\"lgc-column lgc-grid-parent lgc-grid-50 lgc-tablet-grid-50 lgc-mobile-grid-100 lgc-equal-heights \"><div  class=\"inside-grid-column\">\n<p>Arias Acu\u00f1a Carla Marcela<\/p>\n<p>Arias Yolanda Ramona<\/p>\n<p>Argota Norma<\/p>\n<p>Boullhesen Marcelo Fabi\u00e1n<\/p>\n<p>Brand\u00e1n Mar\u00eda Rosa<\/p>\n<p>Burgos Claudia Patricia<\/p>\n<p>Burgos Gabriela Cecilia<\/p>\n<p>Cadario Flavia Karina<\/p>\n<p>Casasola Julio Alberto<\/p>\n<p>C\u00f3rdoba Miguel \u00c1ngel<\/p>\n<p>Curia Vanesa<\/p>\n<p>Del Prado Liliana<\/p>\n<p>Marchetti Gianina<\/p>\n<p>Elia Mirta Lelia<\/p>\n<p>Garbich Marcos<\/p>\n<p>S\u00e1nchez Julia<\/p>\n<p>Ag\u00fcero Jorge<\/p>\n<p>Lazzo Hild R\u00f3mulo Marcial<\/p>\n<p>Ledesma Javier Mat\u00edas<\/p><\/div><\/div>\n<p>Mart\u00ednez Jos\u00e9 Antonio<\/p>\n<p>Mart\u00ednez Victoria In\u00e9s<\/p>\n<p>Medina Gabriela Cecilia<\/p>\n<p>Molina Mar\u00eda Isabel<\/p>\n<p>Navarro Dino Pablo Sebasti\u00e1n<\/p>\n<p>Orden Mar\u00eda Cristina<\/p>\n<p>Orellana Jos\u00e9 Francisco<\/p>\n<p>Peral Susana<\/p>\n<p>Guerrero Silvina<\/p>\n<p>Orden Mar\u00eda Cristina<\/p>\n<p>Silva Silvia Estela<\/p>\n<p>Sofr\u00e1n Priscila<\/p>\n<p>Moreira Gabriela<\/p>\n<p>Vargas Gra\u00f1a Ver\u00f3nica P\u00eda<\/p>\n<p>Vel\u00e1rdez Rub\u00e9n Emiliano<\/p>\n<p>Vergesse Melisa<\/p>\n<p>Zottola Javier<\/p>\n<p>Carreras Tecnicaturas Superiores en: <strong><span style=\"color: #993300;\">Administraci\u00f3n de Empresas, Desarrollo de Software y Gesti\u00f3n y Organizaci\u00f3n de Eventos.\u00a0 \u00a0 \u00a0 \u00a0 \u00a0 <\/span><\/strong><span style=\"color: #0000ff;\"><strong>\u201cEl conocimiento es la fuente m\u00e1s democr\u00e1tica de poder.\u201d Alvin Toffler.<\/strong><\/span><\/p>\n","protected":false},"excerpt":{"rendered":"<p>Mart\u00ednez Jos\u00e9 Antonio Mart\u00ednez Victoria In\u00e9s Medina Gabriela Cecilia Molina Mar\u00eda Isabel Navarro Dino Pablo Sebasti\u00e1n Orden Mar\u00eda Cristina Orellana Jos\u00e9 Francisco Peral Susana Guerrero Silvina Orden Mar\u00eda Cristina Silva Silvia Estela Sofr\u00e1n Priscila Moreira Gabriela Vargas Gra\u00f1a Ver\u00f3nica P\u00eda Vel\u00e1rdez Rub\u00e9n Emiliano Vergesse Melisa Zottola Javier Carreras Tecnicaturas Superiores en: Administraci\u00f3n de Empresas, Desarrollo &#8230; <a title=\"Docentes:\" class=\"read-more\" href=\"https:\/\/institutocoviello-tuc.infd.edu.ar\/sitio\/docentes\/\" aria-label=\"More on Docentes:\">[+]<\/a><\/p>\n","protected":false},"author":6,"featured_media":0,"parent":0,"menu_order":0,"comment_status":"closed","ping_status":"closed","template":"","meta":[],"acf":[],"_links":{"self":[{"href":"https:\/\/institutocoviello-tuc.infd.edu.ar\/sitio\/wp-json\/wp\/v2\/pages\/768"}],"collection":[{"href":"https:\/\/institutocoviello-tuc.infd.edu.ar\/sitio\/wp-json\/wp\/v2\/pages"}],"about":[{"href":"https:\/\/institutocoviello-tuc.infd.edu.ar\/sitio\/wp-json\/wp\/v2\/types\/page"}],"author":[{"embeddable":true,"href":"https:\/\/institutocoviello-tuc.infd.edu.ar\/sitio\/wp-json\/wp\/v2\/users\/6"}],"replies":[{"embeddable":true,"href":"https:\/\/institutocoviello-tuc.infd.edu.ar\/sitio\/wp-json\/wp\/v2\/comments?post=768"}],"version-history":[{"count":20,"href":"https:\/\/institutocoviello-tuc.infd.edu.ar\/sitio\/wp-json\/wp\/v2\/pages\/768\/revisions"}],"predecessor-version":[{"id":3111,"href":"https:\/\/institutocoviello-tuc.infd.edu.ar\/sitio\/wp-json\/wp\/v2\/pages\/768\/revisions\/3111"}],"wp:attachment":[{"href":"https:\/\/institutocoviello-tuc.infd.edu.ar\/sitio\/wp-json\/wp\/v2\/media?parent=768"}],"curies":[{"name":"wp","href":"https:\/\/api.w.org\/{rel}","templated":true}]}}